1339 is divided by 1334?
5
Calculate the remainder when 25360 is divided by 288.
16
Calculate the remainder when 75457 is divided by 343.
340
What is the remainder when 6780 is divided by 2253?
21
What is the remainder when 31557 is divided by 10439?
240
Calculate the remainder when 3081 is divided by 385.
1
What is the remainder when 453765 is divided by 69?
21
Calculate the remainder when 8697 is divided by 458.
453
What is the remainder when 2365 is divided by 58?
45
Calculate the remainder when 9153 is divided by 3051.
0
Calculate the remainder when 2798370 is divided by 1852.
1850
What is the remainder when 479957 is divided by 167?
166
Calculate the remainder when 673 is divided by 166.
9
Calculate the remainder when 5839 is divided by 224.
15
What is the remainder when 38450 is divided by 1672?
1666
What is the remainder when 11098 is divided by 5546?
6
Calculate the remainder when 23070 is divided by 744.
6
What is the remainder when 1825 is divided by 1724?
101
Calculate the remainder when 12913 is divided by 2148.
25
What is the remainder when 5860 is divided by 26?
10
Calculate the remainder when 1300667 is divided by 162582.
11
Calculate the remainder when 2394 is divided by 134.
116
Calculate the remainder when 1895 is divided by 46.
9
Calculate the remainder when 430 is divided by 12.
10
Calculate the remainder when 4757 is divided by 49.
4
What is the remainder when 64977 is divided by 96?
81
Calculate the remainder when 84598 is divided by 124.
30
What is the remainder when 15612 is divided by 50?
12
What is the remainder when 5308 is divided by 46?
18
What is the remainder when 6018 is divided by 1490?
58
Calculate the remainder when 6182 is divided by 465.
137
What is the remainder when 19128 is divided by 435?
423
Calculate the remainder when 10077 is divided by 6.
3
Calculate the remainder when 39752 is divided by 143.
141
Calculate the remainder when 18065 is divided by 1645.
1615
What is the remainder when 16307 is divided by 2714?
23
Calculate the remainder when 313990 is divided by 147.
145
What is the remainder when 213715 is divided by 41?
23
What is the remainder when 2176 is divided by 2096?
80
Calculate the remainder when 1491 is divided by 737.
17
What is the remainder when 77004 is divided by 38500?
4
What is the remainder when 944 is divided by 314?
2
Calculate the remainder when 1208 is divided by 168.
32
What is the remainder when 101037 is divided by 128?
45
Calculate the remainder when 1099158 is divided by 99923.
5
Calculate the remainder when 8189 is divided by 1622.
79
Calculate the remainder when 20796 is divided by 108.
60
What is the remainder when 530193 is divided by 96?
81
What is the remainder when 10103 is divided by 42?
23
What is the remainder when 516614 is divided by 9?
5
Calculate the remainder when 17856 is divided by 108.
36
What is the remainder when 182347 is divided by 3199?
4
Calculate the remainder when 713 is divided by 280.
153
What is the remainder when 4197 is divided by 1108?
873
Calculate the remainder when 6419 is divided by 802.
3
Calculate the remainder when 104971 is divided by 593.
10
What is the remainder when 387257 is divided by 15489?
32
Calculate the remainder when 280 is divided by 60.
40
Calculate the remainder when 3226913 is divided by 1613453.
7
Calculate the remainder when 18994 is divided by 105.
94
Calculate the remainder when 371120 is divided by 123665.
125
Calculate the remainder when 121281 is divided by 154.
83
What is the remainder when 2183 is divided by 434?
13
What is the remainder when 5389 is divided by 368?
237
What is the remainder when 26596 is divided by 760?
756
Calculate the remainder when 6788 is divided by 1236.
608
What is the remainder when 4448 is divided by 10?
8
Calculate the remainder when 176570 is divided by 356.
350
What is the remainder when 145534 is divided by 270?
4
Calculate the remainder when 1187 is divided by 299.
290
What is the remainder when 131437 is divided by 7731?
10
Calculate the remainder when 97 is divided by 43.
11
What is the remainder when 4134 is divided by 2044?
46
Calculate the remainder when 93915 is divided by 17.
7
Calculate the remainder when 50239 is divided by 65.
59
Calculate the remainder when 2945426 is divided by 135.
131
What is the remainder when 174005 is divided by 77?
62
What is the remainder when 5831 is divided by 167?
153
What is the remainder when 5043 is divided by 79?
66
Calculate the remainder when 1526 is divided by 1519.
7
Calculate the remainder when 4130 is divided by 3733.
397
What is the remainder when 5194 is divided by 289?
281
What is the remainder when 137209 is divided by 134?
127
What is the remainder when 2215850 is divided by 958?
954
Calculate the remainder when 38859 is divided by 7.
2
What is the remainder when 255608 is divided by 1367?
1346
Calculate the remainder when 73992 is divided by 12327.
30
What is the remainder when 365360 is divided by 26?
8
Calculate the remainder when 44721 is divided by 480.
81
What is the remainder when 7815 is divided by 470?
295
What is the remainder when 2880 is divided by 74?
68
Calculate the remainder when 32733 is divided by 107.
98
Calculate the remainder when 92756 is divided by 79.
10
What is the remainder when 292933 is divided by 292922?
11
What is the remainder when 1299 is divided by 213?
21
Calculate the remainder when 25479 is divided by 17.
13
Calculate the remainder when 23529 is divided by 449.
181
What is the remainder when 517830 is divided by 49?
47
Calculate the remainder when 4036 is divided by 40.
36
Calculate the remainder when 1448 is divided by 716.
16
What is the remainder when 2986 is divided by 807?
565
What is the remainder when 67703 is divided by 413?
384
What is the remainder when 23210 is divided by 1105?
5
What is the remainder when 6978 is divided by 3373?
232
Calculate the remainder when 1600262 is divided by 21.
20
Calculate the remainder when 740580 is divided by 369.
366
Calculate the remainder when 6292 is divided by 128.
20
Calculate the remainder when 5467 is divided by 5447.
20
Calculate the remainder when 3037 is divided by 13.
8
Calculate the remainder when 138 is divided by 94.
44
Calculate the remainder when 9579 is divided by 4.
3
What is the remainder when 36071 is divided by 9015?
11
What is the remainder when 11082 is divided by 10?
2
What is the remainder when 4216 is divided by 260?
56
What is the remainder when 1370 is divided by 292?
202
Calculate the remainder when 8823 is divided by 7.
3
Calculate the remainder when 50890 is divided by 16961.
7
What is the remainder when 930848 is divided by 34?
30
Calculate the remainder when 1321377 is divided by 12.
9
What is the remainder when 29895 is divided by 9940?
75
Calculate the remainder when 28432 is divided by 118.
112
What is the remainder when 33265 is divided by 693?
1
Calculate the remainder when 245382 is divided by 205.
202
Calculate the remainder when 912 is divided by 306.
300
What is the remainder when 67648 is divided by 22548?
4
What is the remainder when 36007 is divided by 301?
188
What is the remainder when 5396 is divided by 540?
536
What is the remainder when 5733 is divided by 94?
93
What is the remainder when 740 is divided by 213?
101
What is the remainder when 34776 is divided by 382?
14
Calculate the remainder when 402579 is divided by 9819.
0
What is the remainder when 187816 is divided by 20?
16
Calculate the remainder when 3758 is divided by 213.
137
What is the remainder when 1023227 is divided by 85?
82
Calculate the remainder when 40171 is divided by 13378.
37
What is the remainder when 2181 is divided by 260?
101
Calculate the remainder when 65200 is divided by 2.
0
What is the remainder when 5826 is divided by 13?
2
What is the remainder when 50529 is divided by 35?
24
What is the remainder when 21711 is divided by 866?
61
What is the remainder when 1805757 is divided by 60?
57
Calculate the remainder when 2229 is divided by 467.
361
Calculate the remainder when 5790 is divided by 13.
5
What is the remainder when 14787 is divided by 4857?
216
Calculate the remainder when 59151 is divided by 3943.
6
Calculate the remainder when 36466 is divided by 36465.
1
Calculate the remainder when 12356 is divided b